nder when 451 is divided by 165?
121
Calculate the remainder when 6436 is divided by 58.
56
What is the remainder when 1987 is divided by 17?
15
What is the remainder when 12237 is divided by 20?
17
What is the remainder when 256 is divided by 130?
126
What is the remainder when 574 is divided by 58?
52
Calculate the remainder when 207 is divided by 40.
7
Calculate the remainder when 34 is divided by 11.
1
Calculate the remainder when 124 is divided by 59.
6
Calculate the remainder when 5690 is divided by 947.
8
What is the remainder when 38 is divided by 13?
12
Calculate the remainder when 739 is divided by 19.
17
What is the remainder when 2318 is divided by 3?
2
What is the remainder when 2637 is divided by 55?
52
What is the remainder when 2141 is divided by 128?
93
What is the remainder when 197 is divided by 25?
22
What is the remainder when 8278 is divided by 101?
97
What is the remainder when 260 is divided by 143?
117
What is the remainder when 682 is divided by 79?
50
What is the remainder when 1136 is divided by 44?
36
Calculate the remainder when 5424 is divided by 1808.
0
What is the remainder when 11778 is divided by 124?
122
Calculate the remainder when 665 is divided by 95.
0
What is the remainder when 243 is divided by 49?
47
What is the remainder when 2063 is divided by 150?
113
Calculate the remainder when 196 is divided by 74.
48
What is the remainder when 69 is divided by 41?
28
What is the remainder when 228 is divided by 11?
8
What is the remainder when 266 is divided by 39?
32
What is the remainder when 323 is divided by 3?
2
Calculate the remainder when 3545 is divided by 6.
5
Calculate the remainder when 864 is divided by 179.
148
What is the remainder when 9282 is divided by 1547?
0
Calculate the remainder when 106 is divided by 12.
10
Calculate the remainder when 21 is divided by 12.
9
What is the remainder when 117 is divided by 61?
56
What is the remainder when 12444 is divided by 19?
18
What is the remainder when 349 is divided by 44?
41
Calculate the remainder when 275 is divided by 40.
35
Calculate the remainder when 2300 is divided by 36.
32
What is the remainder when 166 is divided by 42?
40
Calculate the remainder when 307 is divided by 28.
27
Calculate the remainder when 10649 is divided by 53.
49
What is the remainder when 5665 is divided by 43?
32
What is the remainder when 82 is divided by 31?
20
What is the remainder when 100 is divided by 26?
22
What is the remainder when 419 is divided by 22?
1
Calculate the remainder when 88 is divided by 6.
4
What is the remainder when 65 is divided by 13?
0
What is the remainder when 1452 is divided by 14?
10
Calculate the remainder when 658 is divided by 6.
4
What is the remainder when 1694 is divided by 84?
14
What is the remainder when 2050 is divided by 421?
366
What is the remainder when 20 is divided by 6?
2
Calculate the remainder when 83 is divided by 32.
19
Calculate the remainder when 46 is divided by 26.
20
Calculate the remainder when 656 is divided by 6.
2
What is the remainder when 6065 is divided by 78?
59
What is the remainder when 261 is divided by 212?
49
What is the remainder when 537 is divided by 4?
1
What is the remainder when 979 is divided by 14?
13
Calculate the remainder when 61 is divided by 8.
5
What is the remainder when 44 is divided by 20?
4
Calculate the remainder when 33 is divided by 21.
12
What is the remainder when 381 is divided by 8?
5
Calculate the remainder when 653 is divided by 216.
5
Calculate the remainder when 205 is divided by 10.
5
What is the remainder when 2047 is divided by 82?
79
What is the remainder when 319 is divided by 33?
22
What is the remainder when 2841 is divided by 37?
29
Calculate the remainder when 2678 is divided by 134.
132
Calculate the remainder when 135 is divided by 46.
43
What is the remainder when 63 is divided by 2?
1
What is the remainder when 57 is divided by 44?
13
Calculate the remainder when 218 is divided by 54.
2
What is the remainder when 238 is divided by 42?
28
What is the remainder when 874 is divided by 146?
144
Calculate the remainder when 274 is divided by 129.
16
Calculate the remainder when 332 is divided by 66.
2
Calculate the remainder when 127 is divided by 47.
33
What is the remainder when 1419 is divided by 74?
13
Calculate the remainder when 194 is divided by 6.
2
Calculate the remainder when 3260 is divided by 121.
114
What is the remainder when 266 is divided by 77?
35
Calculate the remainder when 727 is divided by 239.
10
What is the remainder when 174 is divided by 60?
54
What is the remainder when 160 is divided by 69?
22
Calculate the remainder when 1102 is divided by 65.
62
What is the remainder when 2719 is divided by 109?
103
What is the remainder when 111 is divided by 9?
3
What is the remainder when 439 is divided by 34?
31
Calculate the remainder when 227 is divided by 65.
32
What is the remainder when 292 is divided by 81?
49
What is the remainder when 1413 is divided by 96?
69
What is the remainder when 715 is divided by 20?
15
What is the remainder when 61 is divided by 29?
3
What is the remainder when 14 is divided by 14?
0
Calculate the remainder when 530 is divided by 70.
40
Calculate the remainder when 377 is divided by 318.
59
What is the remainder when 77 is divided by 20?
17
Calculate the remainder when 298 is divided by 51.
43
Calculate the remainder when 12283 is divided by 117.
115
Calculate the remainder when 400 is divided by 23.
9
What is the remainder when 211 is divided by 31?
25
Calculate the remainder when 147 is divided by 50.
47
What is the remainder when 109 is divided by 11?
10
Calculate the remainder when 547 is divided by 19.
15
Calculate the remainder when 435 is divided by 19.
17
Calculate the remainder when 492 is divided by 13.
11
Calculate the remainder when 188 is divided by 32.
28
Calculate the remainder when 38 is divided by 5.
3
Calculate the remainder when 487 is divided by 11.
3
What is the remainder when 1146 is divided by 62?
30
Calculate the remainder when 206 is divided by 122.
84
Calculate the remainder when 10338 is divided by 235.
233
Calculate the remainder when 427 is divided by 39.
37
Calculate the remainder when 1165 is divided by 145.
5
Calculate the remainder when 4735 is divided by 23.
20
What is the remainder when 1835 is divided by 56?
43
What is the remainder when 159 is divided by 32?
31
What is the remainder when 98 is divided by 2?
0
What is the remainder when 269 is divided by 44?
5
What is the remainder when 1574 is divided by 2?
0
What is the remainder when 1237 is divided by 587?
63
What is the remainder when 1594 is divided by 76?
74
What is the remainder when 293 is divided by 41?
6
Calculate the remainder when 18 is divided by 12.
6
Calculate the remainder when 55 is divided by 8.
7
Calculate the remainder when 137 is divided by 23.
22
What is the remainder when 50 is divided by 3?
2
Calculate the remainder when 13 is divided by 10.
3
Calculate the remainder when 397 is divided by 15.
7
Calculate the remainder when 114 is divided by 110.
4
What is the remainder when 48 is divided by 8?
0
Calculate the remainder when 657 is divided by 83.
76
What is the remainder when 171 is divided by 86?
85
What is the remainder when 156 is divided by 56?
44
What is the remainder when 364 is divided by 41?
36
What is the remainder when 580 is divided by 234?
112
What is the remainder when 18080 is divided by 169?
166
What is the remainder when 704 is divided by 84?
32
Calculate the remainder when 175 is divided by 51.
22
What is the remainder when 4539 is divided by 252?
3
What is the remainder when 634 is divided by 93?
76
What is the remainder when 63 is divided by 23?
17
Calculate the remainder when 249 is divided by 51.
45
Calculate the remainder when 1171 is divided by 581.
9
What is the remainder when 1192 is divided by 269?
116
What is the remainder when 2218 is divided by 21?
13
What is the remainder when 63 is divided by 24?
15
What is the remainder when 3471 is divided by 68?
3
Calculate the remainder when 8378 is divided by 57.
56
Calculate the remainder when 2052 is divided by 675.
27
What is the remainder when 207 is divided by 68?
3
Calculate the remainder when 2780 is divided by 26.
24
What is